[INFO] fetching crate ntge-core 0.1.0...
[INFO] checking ntge-core-0.1.0 against master#af3c6e733a40e671550e0f0f5aeecaa13772ba56 for pr-74989
[INFO] extracting crate ntge-core 0.1.0 into /workspace/builds/worker-8/source
[INFO] validating manifest of crates.io crate ntge-core 0.1.0 on toolchain af3c6e733a40e671550e0f0f5aeecaa13772ba56
[INFO] running `Command { std: "/workspace/cargo-home/bin/cargo" "+af3c6e733a40e671550e0f0f5aeecaa13772ba56" "read-manifest" "--manifest-path" "Cargo.toml", kill_on_drop: false }`
[INFO] started tweaking crates.io crate ntge-core 0.1.0
[INFO] finished tweaking crates.io crate ntge-core 0.1.0
[INFO] tweaked toml for crates.io crate ntge-core 0.1.0 written to /workspace/builds/worker-8/source/Cargo.toml
[INFO] running `Command { std: "/workspace/cargo-home/bin/cargo" "+af3c6e733a40e671550e0f0f5aeecaa13772ba56" "generate-lockfile" "--manifest-path" "Cargo.toml" "-Zno-index-update", kill_on_drop: false }`
[INFO] [stderr]     Blocking waiting for file lock on package cache
[INFO] running `Command { std: "/workspace/cargo-home/bin/cargo" "+af3c6e733a40e671550e0f0f5aeecaa13772ba56" "fetch" "--locked" "--manifest-path" "Cargo.toml", kill_on_drop: false }`
[INFO] [stderr]     Blocking waiting for file lock on package cache
[INFO] running `Command { std: "docker" "create" "-v" "/var/lib/crater-agent-workspace/builds/worker-8/target:/opt/rustwide/target:rw,Z" "-v" "/var/lib/crater-agent-workspace/builds/worker-8/source:/opt/rustwide/workdir:ro,Z" "-v" "/var/lib/crater-agent-workspace/cargo-home:/opt/rustwide/cargo-home:ro,Z" "-v" "/var/lib/crater-agent-workspace/rustup-home:/opt/rustwide/rustup-home:ro,Z" "-e" "SOURCE_DIR=/opt/rustwide/workdir" "-e" "CARGO_TARGET_DIR=/opt/rustwide/target" "-e" "CARGO_HOME=/opt/rustwide/cargo-home" "-e" "RUSTUP_HOME=/opt/rustwide/rustup-home" "-w" "/opt/rustwide/workdir" "-m" "1610612736" "--user" "0:0" "--network" "none" "rustops/crates-build-env@sha256:d92eaeed33fa75130ca1ee6c8a01d1ffb62bac859dfdfb3450e3e5d1c0146529" "/opt/rustwide/cargo-home/bin/cargo" "+af3c6e733a40e671550e0f0f5aeecaa13772ba56" "metadata" "--no-deps" "--format-version=1", kill_on_drop: false }`
[INFO] [stdout] c88746c6fe8b30d71c9db9e3983df44ccb4a00818d771dad02e9e4e005707778
[INFO] [stderr] WARNING: Your kernel does not support swap limit capabilities or the cgroup is not mounted. Memory limited without swap.
[INFO] running `Command { std: "docker" "start" "-a" "c88746c6fe8b30d71c9db9e3983df44ccb4a00818d771dad02e9e4e005707778", kill_on_drop: false }`
[INFO] running `Command { std: "docker" "inspect" "c88746c6fe8b30d71c9db9e3983df44ccb4a00818d771dad02e9e4e005707778", kill_on_drop: false }`
[INFO] running `Command { std: "docker" "rm" "-f" "c88746c6fe8b30d71c9db9e3983df44ccb4a00818d771dad02e9e4e005707778", kill_on_drop: false }`
[INFO] [stdout] c88746c6fe8b30d71c9db9e3983df44ccb4a00818d771dad02e9e4e005707778
[INFO] running `Command { std: "docker" "create" "-v" "/var/lib/crater-agent-workspace/builds/worker-8/target:/opt/rustwide/target:rw,Z" "-v" "/var/lib/crater-agent-workspace/builds/worker-8/source:/opt/rustwide/workdir:ro,Z" "-v" "/var/lib/crater-agent-workspace/cargo-home:/opt/rustwide/cargo-home:ro,Z" "-v" "/var/lib/crater-agent-workspace/rustup-home:/opt/rustwide/rustup-home:ro,Z" "-e" "SOURCE_DIR=/opt/rustwide/workdir" "-e" "CARGO_TARGET_DIR=/opt/rustwide/target" "-e" "CARGO_INCREMENTAL=0" "-e" "RUST_BACKTRACE=full" "-e" "RUSTFLAGS=--cap-lints=forbid" "-e" "CARGO_HOME=/opt/rustwide/cargo-home" "-e" "RUSTUP_HOME=/opt/rustwide/rustup-home" "-w" "/opt/rustwide/workdir" "-m" "1610612736" "--user" "0:0" "--network" "none" "rustops/crates-build-env@sha256:d92eaeed33fa75130ca1ee6c8a01d1ffb62bac859dfdfb3450e3e5d1c0146529" "/opt/rustwide/cargo-home/bin/cargo" "+af3c6e733a40e671550e0f0f5aeecaa13772ba56" "check" "--frozen" "--all" "--all-targets" "--message-format=json", kill_on_drop: false }`
[INFO] [stdout] d54d716eaf999e7affd3b4d74a12cb2507caba99da80b8e0ba08b298ea1e6f61
[INFO] [stderr] WARNING: Your kernel does not support swap limit capabilities or the cgroup is not mounted. Memory limited without swap.
[INFO] running `Command { std: "docker" "start" "-a" "d54d716eaf999e7affd3b4d74a12cb2507caba99da80b8e0ba08b298ea1e6f61", kill_on_drop: false }`
[INFO] [stderr]    Compiling proc-macro2 v1.0.21
[INFO] [stderr]    Compiling unicode-xid v0.2.1
[INFO] [stderr]    Compiling syn v1.0.40
[INFO] [stderr]    Compiling autocfg v1.0.1
[INFO] [stderr]    Compiling serde_derive v1.0.116
[INFO] [stderr]    Compiling serde v1.0.116
[INFO] [stderr]    Compiling byteorder v1.3.4
[INFO] [stderr]    Compiling ryu v1.0.5
[INFO] [stderr]     Checking subtle v2.3.0
[INFO] [stderr]    Compiling log v0.4.11
[INFO] [stderr]    Compiling ppv-lite86 v0.2.9
[INFO] [stderr]    Compiling memchr v2.3.3
[INFO] [stderr]    Compiling itoa v0.4.6
[INFO] [stderr]    Compiling cbindgen v0.14.4
[INFO] [stderr]    Compiling remove_dir_all v0.5.3
[INFO] [stderr]     Checking hashbrown v0.9.0
[INFO] [stderr]     Checking byte-tools v0.3.1
[INFO] [stderr]     Checking subtle v1.0.0
[INFO] [stderr]     Checking opaque-debug v0.3.0
[INFO] [stderr]     Checking cpuid-bool v0.1.2
[INFO] [stderr]     Checking either v1.6.0
[INFO] [stderr]     Checking ascii v0.9.3
[INFO] [stderr]     Checking signature v1.2.2
[INFO] [stderr]     Checking cesu8 v1.1.0
[INFO] [stderr]     Checking linked-hash-map v0.5.3
[INFO] [stderr]     Checking opaque-debug v0.2.3
[INFO] [stderr]     Checking bech32 v0.7.2
[INFO] [stderr]     Checking bs58 v0.3.1
[INFO] [stderr]    Compiling generic-array v0.14.4
[INFO] [stderr]    Compiling error-chain v0.12.4
[INFO] [stderr]    Compiling bitflags v1.2.1
[INFO] [stderr]     Checking block-padding v0.1.5
[INFO] [stderr]     Checking ed25519 v1.0.2
[INFO] [stderr]    Compiling libc v0.2.77
[INFO] [stderr]    Compiling jni v0.16.0
[INFO] [stderr]     Checking getrandom v0.1.15
[INFO] [stderr]     Checking backtrace v0.3.50
[INFO] [stderr]     Checking generic-array v0.12.3
[INFO] [stderr]    Compiling indexmap v1.6.0
[INFO] [stderr]    Compiling num-traits v0.2.12
[INFO] [stderr]    Compiling num-integer v0.1.43
[INFO] [stderr]     Checking rand_core v0.5.1
[INFO] [stderr]     Checking digest v0.8.1
[INFO] [stderr]     Checking stream-cipher v0.3.2
[INFO] [stderr]     Checking universal-hash v0.3.0
[INFO] [stderr]     Checking crypto-mac v0.7.0
[INFO] [stderr]     Checking aead v0.2.0
[INFO] [stderr]     Checking poly1305 v0.5.2
[INFO] [stderr]     Checking hmac v0.7.1
[INFO] [stderr]     Checking rand_chacha v0.2.2
[INFO] [stderr]     Checking combine v3.8.1
[INFO] [stderr]     Checking block-buffer v0.7.3
[INFO] [stderr]     Checking hkdf v0.8.0
[INFO] [stderr]     Checking sha2 v0.8.2
[INFO] [stderr]    Compiling quote v1.0.7
[INFO] [stderr]    Compiling atty v0.2.14
[INFO] [stderr]     Checking rand v0.7.3
[INFO] [stderr]    Compiling clap v2.33.3
[INFO] [stderr]     Checking digest v0.9.0
[INFO] [stderr]     Checking block-buffer v0.9.0
[INFO] [stderr]     Checking sha2 v0.9.1
[INFO] [stderr]     Checking chrono v0.4.15
[INFO] [stderr]    Compiling tempfile v3.1.0
[INFO] [stderr]    Compiling synstructure v0.12.4
[INFO] [stderr]    Compiling zeroize_derive v1.0.0
[INFO] [stderr]     Checking zeroize v1.1.0
[INFO] [stderr]     Checking curve25519-dalek v3.0.0
[INFO] [stderr]     Checking chacha20 v0.3.4
[INFO] [stderr]     Checking secrecy v0.6.0
[INFO] [stderr]     Checking chacha20poly1305 v0.4.1
[INFO] [stderr]     Checking curve25519-dalek v2.1.0
[INFO] [stderr]     Checking serde_json v1.0.57
[INFO] [stderr]     Checking serde_bytes v0.11.5
[INFO] [stderr]     Checking serde_cbor v0.11.1
[INFO] [stderr]     Checking ed25519-dalek v1.0.0
[INFO] [stderr]     Checking x25519-dalek v0.6.0
[INFO] [stderr]     Checking bson v0.14.1
[INFO] [stderr]    Compiling toml v0.5.6
[INFO] [stderr]    Compiling ntge-core v0.1.0 (/opt/rustwide/workdir)
[INFO] [stdout] error[E0599]: no method named `verify` found for reference `&ed25519_dalek::PublicKey` in the current scope
[INFO] [stdout]    --> src/ed25519/public.rs:205:22
[INFO] [stdout]     |
[INFO] [stdout] 205 |     match public_key.verify(message, signature) {
[INFO] [stdout]     |                      ^^^^^^ method not found in `&ed25519_dalek::PublicKey`
[INFO] [stdout]     |
[INFO] [stdout]     = help: items from traits can only be used if the trait is in scope
[INFO] [stdout]     = note: the following trait is implemented but not in scope; perhaps add a `use` for it:
[INFO] [stdout]             `use ed25519_dalek::Verifier;`
[INFO] [stdout] 
[INFO] [stdout] 
[INFO] [stdout] error[E0599]: no method named `verify` found for reference `&ed25519_dalek::PublicKey` in the current scope
[INFO] [stdout]   --> src/key_utils.rs:35:22
[INFO] [stdout]    |
[INFO] [stdout] 35 |     match public_key.verify(message, &signature) {
[INFO] [stdout]    |                      ^^^^^^ method not found in `&ed25519_dalek::PublicKey`
[INFO] [stdout]    |
[INFO] [stdout]    = help: items from traits can only be used if the trait is in scope
[INFO] [stdout]    = note: the following trait is implemented but not in scope; perhaps add a `use` for it:
[INFO] [stdout]            `use ed25519_dalek::Verifier;`
[INFO] [stdout] 
[INFO] [stdout] 
[INFO] [stdout] error[E0599]: no function or associated item named `from_bytes` found for struct `ed25519_dalek::Signature` in the current scope
[INFO] [stdout]   --> src/message/decryptor.rs:76:53
[INFO] [stdout]    |
[INFO] [stdout] 76 |         let signature: Signature = match Signature::from_bytes(&signature_bytes[..]) {
[INFO] [stdout]    |                                                     ^^^^^^^^^^
[INFO] [stdout]    |                                                     |
[INFO] [stdout]    |                                                     function or associated item not found in `ed25519_dalek::Signature`
[INFO] [stdout]    |                                                     help: there is an associated function with a similar name: `to_bytes`
[INFO] [stdout]    |
[INFO] [stdout]    = help: items from traits can only be used if the trait is in scope
[INFO] [stdout]    = note: the following trait is implemented but not in scope; perhaps add a `use` for it:
[INFO] [stdout]            `use ed25519_dalek::ed25519::signature::Signature;`
[INFO] [stdout] 
[INFO] [stdout] 
[INFO] [stdout] error: aborting due to 3 previous errors
[INFO] [stdout] 
[INFO] [stdout] 
[INFO] [stdout] For more information about this error, try `rustc --explain E0599`.
[INFO] [stdout] 
[INFO] [stderr] error: could not compile `ntge-core`.
[INFO] [stderr] 
[INFO] [stderr] To learn more, run the command again with --verbose.
[INFO] [stderr] warning: build failed, waiting for other jobs to finish...
[INFO] [stdout] error[E0599]: no method named `verify` found for reference `&ed25519_dalek::PublicKey` in the current scope
[INFO] [stdout]    --> src/ed25519/public.rs:205:22
[INFO] [stdout]     |
[INFO] [stdout] 205 |     match public_key.verify(message, signature) {
[INFO] [stdout]     |                      ^^^^^^ method not found in `&ed25519_dalek::PublicKey`
[INFO] [stdout]     |
[INFO] [stdout]     = help: items from traits can only be used if the trait is in scope
[INFO] [stdout]     = note: the following trait is implemented but not in scope; perhaps add a `use` for it:
[INFO] [stdout]             `use ed25519_dalek::Verifier;`
[INFO] [stdout] 
[INFO] [stdout] 
[INFO] [stdout] error[E0599]: no method named `verify` found for reference `&ed25519_dalek::PublicKey` in the current scope
[INFO] [stdout]   --> src/key_utils.rs:35:22
[INFO] [stdout]    |
[INFO] [stdout] 35 |     match public_key.verify(message, &signature) {
[INFO] [stdout]    |                      ^^^^^^ method not found in `&ed25519_dalek::PublicKey`
[INFO] [stdout]    |
[INFO] [stdout]    = help: items from traits can only be used if the trait is in scope
[INFO] [stdout]    = note: the following trait is implemented but not in scope; perhaps add a `use` for it:
[INFO] [stdout]            `use ed25519_dalek::Verifier;`
[INFO] [stdout] 
[INFO] [stdout] 
[INFO] [stdout] error[E0599]: no function or associated item named `from_bytes` found for struct `ed25519_dalek::Signature` in the current scope
[INFO] [stdout]   --> src/message/decryptor.rs:76:53
[INFO] [stdout]    |
[INFO] [stdout] 76 |         let signature: Signature = match Signature::from_bytes(&signature_bytes[..]) {
[INFO] [stdout]    |                                                     ^^^^^^^^^^
[INFO] [stdout]    |                                                     |
[INFO] [stdout]    |                                                     function or associated item not found in `ed25519_dalek::Signature`
[INFO] [stdout]    |                                                     help: there is an associated function with a similar name: `to_bytes`
[INFO] [stdout]    |
[INFO] [stdout]    = help: items from traits can only be used if the trait is in scope
[INFO] [stdout]    = note: the following trait is implemented but not in scope; perhaps add a `use` for it:
[INFO] [stdout]            `use ed25519_dalek::ed25519::signature::Signature;`
[INFO] [stdout] 
[INFO] [stdout] 
[INFO] [stdout] error: aborting due to 3 previous errors
[INFO] [stdout] 
[INFO] [stdout] 
[INFO] [stdout] For more information about this error, try `rustc --explain E0599`.
[INFO] [stdout] 
[INFO] [stderr] error: build failed
[INFO] running `Command { std: "docker" "inspect" "d54d716eaf999e7affd3b4d74a12cb2507caba99da80b8e0ba08b298ea1e6f61", kill_on_drop: false }`
[INFO] running `Command { std: "docker" "rm" "-f" "d54d716eaf999e7affd3b4d74a12cb2507caba99da80b8e0ba08b298ea1e6f61", kill_on_drop: false }`
[INFO] [stdout] d54d716eaf999e7affd3b4d74a12cb2507caba99da80b8e0ba08b298ea1e6f61
